09.
87
What is the remainder when 4925 is divided by 1061?
681
What is the remainder when 2677 is divided by 336?
325
Calculate the remainder when 3128 is divided by 933.
329
Calculate the remainder when 624411 is divided by 494.
489
Calculate the remainder when 4137 is divided by 605.
507
Calculate the remainder when 78109 is divided by 32.
29
Calculate the remainder when 4300 is divided by 612.
16
Calculate the remainder when 3589 is divided by 698.
99
Calculate the remainder when 3045 is divided by 14.
7
Calculate the remainder when 18717 is divided by 1398.
543
What is the remainder when 250916 is divided by 765?
761
What is the remainder when 95838 is divided by 524?
470
What is the remainder when 2365 is divided by 311?
188
Calculate the remainder when 7342 is divided by 1187.
220
Calculate the remainder when 9413 is divided by 6.
5
Calculate the remainder when 13862 is divided by 228.
182
Calculate the remainder when 167740 is divided by 259.
167
What is the remainder when 204072 is divided by 94?
92
What is the remainder when 16237 is divided by 760?
277
What is the remainder when 2426035 is divided by 879?
874
What is the remainder when 8440 is divided by 335?
65
Calculate the remainder when 3870 is divided by 1357.
1156
Calculate the remainder when 10056 is divided by 559.
553
Calculate the remainder when 10778 is divided by 449.
2
What is the remainder when 2554 is divided by 441?
349
What is the remainder when 645 is divided by 410?
235
What is the remainder when 13508 is divided by 387?
350
What is the remainder when 25585 is divided by 6394?
9
Calculate the remainder when 184678 is divided by 62.
42
Calculate the remainder when 258845 is divided by 2442.
2435
Calculate the remainder when 677 is divided by 34.
31
What is the remainder when 1520418 is divided by 147?
144
Calculate the remainder when 9685 is divided by 571.
549
What is the remainder when 9993 is divided by 23?
11
What is the remainder when 1162 is divided by 24?
10
Calculate the remainder when 14972 is divided by 924.
188
What is the remainder when 9799 is divided by 124?
3
What is the remainder when 72121 is divided by 827?
172
Calculate the remainder when 4749 is divided by 392.
45
Calculate the remainder when 103176 is divided by 8.
0
Calculate the remainder when 5715 is divided by 111.
54
Calculate the remainder when 9033 is divided by 9024.
9
Calculate the remainder when 15371 is divided by 3842.
3
Calculate the remainder when 225015 is divided by 22.
21
What is the remainder when 486782 is divided by 33?
32
What is the remainder when 4348 is divided by 20?
8
Calculate the remainder when 6449 is divided by 3222.
5
Calculate the remainder when 15110 is divided by 2339.
1076
Calculate the remainder when 1103 is divided by 59.
41
Calculate the remainder when 408377 is divided by 197.
193
What is the remainder when 14013 is divided by 178?
129
Calculate the remainder when 47730 is divided by 52.
46
Calculate the remainder when 313 is divided by 298.
15
Calculate the remainder when 9727 is divided by 141.
139
What is the remainder when 16014 is divided by 108?
30
What is the remainder when 200388 is divided by 7?
6
Calculate the remainder when 89381 is divided by 9931.
2
Calculate the remainder when 30646 is divided by 1208.
446
Calculate the remainder when 1774 is divided by 461.
391
What is the remainder when 3790 is divided by 1895?
0
What is the remainder when 9263 is divided by 105?
23
What is the remainder when 405293 is divided by 84?
77
What is the remainder when 376997 is divided by 1625?
1622
Calculate the remainder when 29404 is divided by 8.
4
What is the remainder when 34742 is divided by 5774?
98
Calculate the remainder when 254 is divided by 54.
38
What is the remainder when 2102 is divided by 7?
2
Calculate the remainder when 67141 is divided by 59.
58
Calculate the remainder when 1452 is divided by 678.
96
Calculate the remainder when 792 is divided by 613.
179
What is the remainder when 30294 is divided by 3350?
144
What is the remainder when 4355 is divided by 18?
17
What is the remainder when 42597 is divided by 20989?
619
Calculate the remainder when 5913 is divided by 1692.
837
Calculate the remainder when 15166 is divided by 3769.
90
What is the remainder when 4779 is divided by 371?
327
What is the remainder when 299089 is divided by 48?
1
Calculate the remainder when 198 is divided by 26.
16
Calculate the remainder when 2733 is divided by 2072.
661
What is the remainder when 2152 is divided by 488?
200
What is the remainder when 1864 is divided by 186?
4
What is the remainder when 5397 is divided by 43?
22
Calculate the remainder when 964929 is divided by 50785.
14
What is the remainder when 37234 is divided by 40?
34
What is the remainder when 4055 is divided by 694?
585
Calculate the remainder when 781 is divided by 101.
74
Calculate the remainder when 37751 is divided by 81.
5
Calculate the remainder when 6106 is divided by 1011.
40
What is the remainder when 5915 is divided by 545?
465
Calculate the remainder when 4397 is divided by 164.
133
What is the remainder when 96517 is divided by 10723?
10
What is the remainder when 162 is divided by 153?
9
What is the remainder when 7432118 is divided by 745?
743
What is the remainder when 1889 is divided by 159?
140
Calculate the remainder when 25236 is divided by 647.
3
What is the remainder when 2139 is divided by 762?
615
What is the remainder when 11708 is divided by 900?
8
What is the remainder when 5449 is divided by 5?
4
What is the remainder when 138953 is divided by 397?
3
Calculate the remainder when 6283 is divided by 19.
13
Calculate the remainder when 63408 is divided by 21133.
9
What is the remainder when 9243 is divided by 373?
291
What is the remainder when 13649 is divided by 5?
4
What is the remainder when 14062 is divided by 1271?
81
Calculate the remainder when 6635 is divided by 1655.
15
What is the remainder when 1000383 is divided by 44?
43
What is the remainder when 9338 is divided by 54?
50
What is the remainder when 123890 is divided by 188?
186
Calculate the remainder when 35561 is divided by 15.
11
What is the remainder when 17582 is divided by 79?
44
What is the remainder when 11753 is divided by 762?
323
Calculate the remainder when 945 is divided by 867.
78
What is the remainder when 20901 is divided by 18?
3
What is the remainder when 51703 is divided by 784?
743
Calculate the remainder when 46654 is divided by 3331.
20
Calculate the remainder when 104922 is divided by 147.
111
Calculate the remainder when 8964 is divided by 147.
144
Calculate the remainder when 7415 is divided by 2108.
1091
Calculate the remainder when 20422 is divided by 6.
4
Calculate the remainder when 1633 is divided by 57.
37
Calculate the remainder when 433489 is divided by 905.
899
What is the remainder when 3469 is divided by 858?
37
Calculate the remainder when 157106 is divided by 13.
1
Calculate the remainder when 1980 is divided by 784.
412
Calculate the remainder when 772066 is divided by 18.
10
What is the remainder when 1775 is divided by 364?
319
Calculate the remainder when 9365 is divided by 77.
48
What is the remainder when 1692 is divided by 40?
12
Calculate the remainder when 5319346 is divided by 11.
10
Calculate the remainder when 8464 is divided by 110.
104
Calculate the remainder when 28539 is divided by 15.
9
What is the remainder when 2775 is divided by 166?
119
What is the remainder when 3472 is divided by 3435?
37
What is the remainder when 546721 is divided by 78103?
0
Calculate the remainder when 64203 is divided by 190.
173
What is the remainder when 242995 is divided by 225?
220
What is the remainder when 101550 is divided by 153?
111
Calculate the remainder when 261130 is divided by 47.
45
Calculate the remainder when 16967 is divided by 8.
7
What is the remainder when 84402 is divided by 6489?
45
What is the remainder when 921 is divided by 132?
129
What is the remainder when 17296 is divided by 55?
26
What is the remainder when 64353 is divided by 1608?
33
Calculate the remainder when 883798 is divided by 154.
146
Calculate the remainder when 1435484 is divided by 608.
604
Calculate the remainder when 21671 is divided by 4334.
1
Calculate the remainder wh